(5). What is the greatest common divisor of g and 180?
20
Let i = 28 - 30. Let r be (-1)/(1 - (-4)/i). Let p be 0*r/(-1) - -133. What is the highest common factor of p and 19?
19
Let p = -57 - -38. Let t = 11 + p. Let u = t - -104. Calculate the greatest common divisor of 12 and u.
12
Suppose 3*b - 32 = 4*a, 6*a - 4*a = 4*b - 26. Suppose 8 = -b*c + 4. Let n = c - -9. What is the greatest common divisor of 32 and n?
8
Suppose -t = -6*t + 2*s - 219, 0 = 5*s - 10. Suppose -3*y - 4*n = 52 + 51, 0 = 4*y - n + 112. Let b = y - t. What is the highest common factor of b and 14?
14
Suppose -6*z = 2*z - 4432. Suppose 3*d - z = -41. Calculate the highest common factor of d and 9.
9
Suppose -3*j + 9 = p, 3*j - 5*p + 2 = 11. Calculate the greatest common factor of j and 75.
3
Let j(v) = -v**2 + 12*v. Let m(o) = -10*o. Let d = 22 + -23. Let h be m(d). Let t be j(h). Calculate the highest common divisor of 50 and t.
10
Let d = 85 + -84. Let p be (((-11)/(-2))/11)/(d/10). Calculate the greatest common factor of p and 55.
5
Suppose 99 = 5*w - 31. Let r(m) = m**2 + 19*m + 28. Let j be r(-20). Suppose 3*d - 282 = -j. What is the greatest common factor of w and d?
26
Suppose -d + t = 114, -2*t - 108 = d - t. Let k = 96 - d. What is the highest common factor of k and 23?
23
Suppose 0 = -2*o + 3*o - r - 50, -5*o + 2*r + 265 = 0. What is the greatest common factor of o and 44?
11
Suppose 2*a - 14 = h, -2*a + 0*a = -3*h - 14. Suppose -5 + 11 = 2*i. Suppose -6*q + i*q + 21 = 0. What is the greatest common divisor of q and a?
7
Let f be (2 + (-4 - -1))*-90. Suppose -3*v + 56 = p + v, 3*v + 303 = 5*p. Let h = f - p. What is the highest common factor of 12 and h?
6
Suppose 2*b - 5*t - 41 = 0, 8*b - 4*b + 4*t - 96 = 0. Calculate the highest common divisor of 115 and b.
23
Let w(g) = g**2 + 11*g - 21. Let u(l) = -l + 1. Let y(f) = -6*u(f) - w(f). Let j be y(-7). Calculate the greatest common divisor of j and 5.
1
Suppose 842 = 8*i + 202. Calculate the greatest common divisor of i and 96.
16
Let o be (-99)/(-2)*10/15. Let y be 67/2 - (-3)/(-6). What is the highest common divisor of o and y?
33
Suppose 59 = 8*o - 37. What is the greatest common factor of 132 and o?
12
Suppose 0 = -27*d + 44*d - 1700. Calculate the highest common divisor of 1050 and d.
50
Let z be 4/30 + (-174)/(-45) + 4. Let h be (36/z)/9*(3 + 181). Let s be 1/(-2) + 47/2. What is the highest common divisor of s and h?
23
Suppose 45 = -7*v + 12*v. Let a(g) = -g**3 + 10*g**2 - 6*g + 9. Let k be a(v). What is the greatest common divisor of 90 and k?
18
Let u be (-17)/(-1) + 28/(-7). Suppose -6*p = -5*p - u. Suppose -2*o - o - 2*l + 265 = 0, 5*o - 435 = -5*l. Calculate the highest common factor of p and o.
13
Suppose -5*v - 20 = 5*t, -2*t + 2*v = -0*t + 4. Let y be 3/t + (-14)/(-1). Calculate the highest common divisor of 2 and y.
1
Let z be 4*(-6)/(-6) - (-92 - -1). Let o = z - 83. Suppose -n - 3*n = -432. Calculate the highest common divisor of n and o.
12
Suppose 0 = -4*s - 5*r + 11, -4 = r + 1. Let x(n) = -n**3 + 9*n**2 + 17. Let j be x(s). What is the greatest common divisor of 119 and j?
17
Suppose -6 = a - 5*r, 3 - 9 = -3*a + 3*r. Suppose -a*s = 3*u + 11, -5*s + 25 = -2*u - 2*u. What is the greatest common divisor of s and 3?
1
Let d be ((-10)/35)/((-1)/427). Let t(k) = k**2 - 3*k - 87. Let y be t(-15). Calculate the highest common factor of y and d.
61
Suppose 1085 = 6*d - 589. Calculate the highest common divisor of d and 27.
9
Let m(y) = -2*y**2 - 66*y + 26. Let j be m(-33). What is the greatest common divisor of 585 and j?
13
Suppose -17*p = 33 - 203. What is the highest common factor of p and 170?
10
Let n be (3/9)/((-3364)/(-420) + -8). Calculate the highest common factor of 90 and n.
5
Suppose 0 = 2*c - 15 - 5. Let i = 1 + 1. Suppose 20 = i*k - 0*k. Calculate the greatest common factor of c and k.
10
Let i be ((-732)/(-305))/(((-6)/(-40))/1). Calculate the highest common divisor of 20 and i.
4
Let o(q) = -23*q - 1. Let c be o(-2). Let f be (110/(-8))/((-115)/(-20) + -6). Suppose 0 = 53*s - f*s + 30. What is the greatest common divisor of c and s?
15
Let i = -1 - -3. Let y be i/(1 - (-1)/(-2)). Let o = -1278 + 1298. What is the greatest common factor of y and o?
4
Let g(f) = -f**3 + 6*f**2 - 4*f - 3. Let q be g(5). Let h be 1 - (-6 - (-4 + q)). Let b be (1 - 3)*2*-5. Calculate the greatest common divisor of b and h.
5
Let x = 296 - 56. What is the greatest common divisor of 60 and x?
60
Let z be 75075/440 - 6/(-16). Let j be 2/(-3) - (-59)/3. Calculate the greatest common divisor of j and z.
19
Suppose 0 = -33*r + 110 + 154. Calculate the highest common divisor of 88 and r.
8
Let z(v) = -2*v**3 + 32*v**2 - 3*v + 6. Let u be z(16). Let i = u + 54. Calculate the highest common factor of i and 132.
12
Let f = -351 + 451. Let y = -58 - -83. What is the highest common divisor of y and f?
25
Let a(l) = -l**2 - 9*l. Let k be a(-10). Suppose -t - 75 = 2*t. Let w = k - t. Calculate the greatest common factor of 30 and w.
15
Suppose 2*b - 158 = -3*o, -4*b + 92 = -0*o + 2*o. What is the greatest common divisor of o and 21?
7
Suppose 62*j - 1911 = 3793. Calculate the highest common factor of 69 and j.
23
Let a(v) = -20*v. Let r be a(-4). Let l(y) = 3*y**2 + 45*y + 124. Let p be l(-3). What is the highest common divisor of p and r?
16
Let j(v) = 17*v + 1. Let i be j(1). Let n = i + 15. What is the highest common divisor of 33 and n?
33
Let d = 50 + -85. Let g = -18 - -17. Let s be g/((-14)/(-36))*d. What is the highest common divisor of 18 and s?
18
Let s be (0 - 2) + 0 + -206. Let a be (22/4*2)/((-17)/(-697)). Let y = a + s. Calculate the highest common factor of y and 27.
27
Suppose 0 = j - 2 + 27. Let w be (0 - -1) + j/(-5). Calculate the greatest common factor of w and 2.
2
Suppose 68*g - 48 = 66*g. Calculate the greatest common factor of g and 6.
6
Let p be (-85)/(-51)*3*1. Suppose p*i + 50 = 5*b, -2*b + 16 = -0*b - 3*i. What is the highest common factor of 112 and b?
14
Suppose 2*n + 252 = 4*r, -2*n + 6*n - 228 = -4*r. What is the highest common divisor of r and 427?
61
Suppose 4*b = -2*u + 12, 2*u + 5 + 10 = 5*b. Suppose 2*w - 47 = -b*j - 1, -w + 53 = 4*j. Calculate the highest common divisor of 144 and j.
12
Let m be 3 - (-2)/(-4)*2. Let k = -103 + 60. Let q = k + 51. Calculate the highest common divisor of m and q.
2
Let q(z) = -18*z + 21. Let n be q(-5). Calculate the highest common factor of n and 3.
3
Suppose -5*i - 3 = -3*b - b, -2*b + i = -3. Suppose -b*h - 23 = -3*f, 3*h - 5*h = 8. What is the greatest common divisor of f and 5?
5
Suppose 5*g - 320 = -11*g. What is the highest common divisor of g and 10?
10
Let z be (-4 - (-20)/8)*-16. Suppose -82 = -5*b + c, -b - 4*c + 0*c = -8. What is the highest common divisor of z and b?
8
Suppose 0 = 18*h - 58 - 32. Suppose 155 = 5*a - 120. What is the greatest common factor of h and a?
5
Let s be (-23 + 23)*(0 - -1). Suppose -2*q + 5*q - 36 = s. Calculate the highest common divisor of 30 and q.
6
Suppose -2097*q + 50 = -2092*q. Suppose -4*z + 33 = 3*l + 2, -2*l + 3*z - 2 = 0. Calculate the greatest common divisor of l and q.
5
Suppose 0 = 2*k + v - 354, -v - 524 = -3*k - 6*v. What is the highest common factor of 445 and k?
89
Let a be ((-114)/18 - -7)/((-2)/(-135)). Suppose 0*p + 3*p = -o + 11, 5*o + 45 = 5*p. Calculate the highest common divisor of p and a.
5
Let y(g) = -g**3 + 14*g**2 + 15*g + 20. Let t be y(15). Let m = 24 - t. Let s be 1/m + (-1173)/(-12). Calculate the greatest common factor of s and 14.
14
Suppose -2*b - 16 = -5*t, 5*b = 16 - 6. Let s(n) = 11*n - 28. Let l be s(t). Calculate the greatest common factor of l and 64.
16
Let c(k) = -61*k - 20. Let w be c(-1). Suppose 71 = -2*v + 317. Calculate the greatest common divisor of v and w.
41
Let b = 6 + -3. Suppose -36 - 42 = -m. Suppose -z = -b*z + m. What is the highest common factor of z and 26?
13
Let k be (0 - 6)*((-10)/4)/5. Suppose k = -2*o + 9. Calculate the highest common divisor of 21 and o.
3
Let x be 8*2*(2 - (-4)/(-8)). What is the highest common factor of x and 24?
24
Let n be (-44)/(-5) - (-3)/15. Let f = 8 - n. Let l = 7 + f. What is the greatest common divisor of 15 and l?
3
Let h(c) = c**3 + 14*c**2 - 24*c - 1. Let d be h(-16). Let a = -74 - d. What is the greatest commo